culate the remainder when 82 is divided by q.
19
Suppose l + 4*l = -25, l - 5 = -u. What is the remainder when 10 is divided by u?
0
Let q = 11 + -5. Suppose -16 = -2*s + 6. What is the remainder when s is divided by q?
5
Suppose 173 = 3*a - 22. Calculate the remainder when a is divided by 17.
14
Let d(z) = 6*z**2 + 2*z - 7. What is the remainder when d(-3) is divided by 21?
20
Suppose 4 = -2*f - 0*f. Calculate the remainder when (-57)/f*(-4)/(-3) is divided by 13.
12
Suppose -11*k + 91 = -4*k. Suppose 0 = 4*w - 4*r - 148, -w + 0*w = -2*r - 36. Calculate the remainder when w is divided by k.
12
Suppose -3*c + 4*c = 3*u - 146, 5*u - 220 = -3*c. Let x = 70 - u. What is the remainder when x is divided by 8?
7
Suppose -1 + 61 = 4*l. Calculate the remainder when 59 is divided by l.
14
Let n(a) = -44*a + 1. Let t be n(1). Let d(l) = 21*l**3 - l. Let r be d(-1). Let o = r - t. Calculate the remainder when o is divided by 12.
11
Let u(l) = -5*l - 1. Let p be u(-1). Calculate the remainder when 3 is divided by 8/p - 1/(-1).
0
Let t = -12 - -23. Suppose -l + 32 = -t. What is the remainder when l is divided by 22?
21
Let d = 34 + -22. Suppose -5*p = -3*p - d. Calculate the remainder when p is divided by 2 + 1 + (-2)/2.
0
Suppose 3*n = 6*n + 3*m - 45, -5*m = -4*n + 87. Suppose 0 = 5*l + 3 - n. Calculate the remainder when 9 is divided by l.
0
Let o = 2 + -18. Let t = o + 23. What is the remainder when t is divided by 4?
3
Suppose 3*k - 5*i = 64, 4*i + 6 = -14. What is the remainder when 50 is divided by k?
11
Suppose 8*l - 20 = 3*l, 16 = u + 3*l. Suppose -u = -2*o - 0. What is the remainder when 4/7*28/8 is divided by o?
0
What is the remainder when 3 is divided by (-39)/(-91) - (-1 + 11/(-7))?
0
Let f = -3 + -2. Let r(v) = 2*v**2 + 6*v - 6. Calculate the remainder when r(f) is divided by 8.
6
Suppose -3*r + 16 = -2. Suppose -3*s - 18 = -r*s. Let x(f) = -f**2 - 8*f - 1. Calculate the remainder when x(-6) is divided by s.
5
Let r = -2 - -13. Let v = r - 4. Suppose 7 = 2*n - n + 3*h, -4*h + 12 = 2*n. What is the remainder when v is divided by n?
3
Suppose 0 = -4*h + 12. What is the remainder when 17 is divided by h?
2
Let n = 40 - 78. Let y = n - -61. Suppose -3*q - 2*q = -65. What is the remainder when y is divided by q?
10
Let m(b) = 3*b - 6. Calculate the remainder when 73 is divided by m(7).
13
Let k be ((-4)/(-3))/(8/12). Suppose 0 = k*t - 4 - 2. Suppose -155 = -t*i - 2*i. What is the remainder when i is divided by 11?
9
Suppose 2*s - 4 = 28. Suppose 4 = 2*i - 14. Calculate the remainder when s is divided by i.
7
Let r = 155 - 62. What is the remainder when r is divided by 16?
13
Let v(u) = -u - 4. Let m be v(-4). Suppose m*b = -2*b, -4*b = g - 4. Suppose -g = -4*q + 2*q. What is the remainder when 4 is divided by q?
0
Suppose -4*r = 3*n - 54, -3*n + 95 = 2*n + 5*r. Suppose -2*o = -58 - 24. What is the remainder when o is divided by n?
19
Let z(b) = b**2 + 9*b - 13. What is the remainder when z(6) is divided by 22?
11
Let n(w) = -2*w**2 + 3. What is the remainder when 14 is divided by n(0)?
2
Let c(y) = y**2 + 11*y + 20. Calculate the remainder when 2 is divided by c(-9).
0
Let d(s) = 2*s**2 - s. Calculate the remainder when 27 is divided by d(2).
3
Let a = 3 + 26. What is the remainder when a is divided by (10/(-6))/((-2)/18)?
14
Let r(m) = 5*m + 3. Calculate the remainder when r(7) is divided by 13.
12
Suppose 4*d = -d. Suppose -3*z + 99 = -d*z. What is the remainder when z is divided by 9?
6
Let z be 1/6*-2*-39. Let i = z - 7. Let u = i - 4. Calculate the remainder when 5 is divided by u.
1
Let x be (0 - (-3)/(-4))*-28. Suppose 0*o = y + 3*o - x, -3*o = -4*y + 99. What is the remainder when y is divided by 14?
10
Let d(j) = 4*j + 4. Calculate the remainder when d(4) is divided by 5.
0
Let j = -117 + 124. What is the remainder when j is divided by 1?
0
Let s(p) = 0 + 1 + 0 + 6*p**2 - p - 6*p + p**3. Calculate the remainder when s(-7) is divided by 1.
0
Suppose -t + 0*t = 5, 2*l = 3*t + 39. Suppose 0*o + 4*o = l. Calculate the remainder when 4 is divided by o.
1
Suppose -a + 3*g - 1 = 1, 6 = -2*a + 5*g. Let q = -9 - a. What is the remainder when 21 is divided by 6 - 1/q*0?
3
Suppose 0 = 4*q + q. Let l be q/((0 + 1)*-2). Suppose l = -p - 5*b + 17, 2*p + 3*b - 3 - 10 = 0. What is the remainder when 4 is divided by p?
0
Suppose -2*v - 84 = -6*v. What is the remainder when v is divided by 6?
3
Suppose -3*s - i + 42 = 0, 2 - 11 = 3*i. Suppose -5*t + 16 = -124. Calculate the remainder when t is divided by s.
13
Suppose -3*u + 30 = -0*u. What is the remainder when (2 - 0)/(2/18) is divided by u?
8
Suppose w + 4*f + 27 = 2*w, 2*w - 3*f - 64 = 0. Calculate the remainder when 67 is divided by w.
32
Suppose 3*h = -4*f + 149, 4*f = 4*h - 2*h + 134. What is the remainder when f is divided by 12?
11
Suppose 0 = 4*y - 13 - 71. Suppose 2*w = y + 7. What is the remainder when 40 is divided by w?
12
Suppose 4*y - 3*j = 12, -3*j + 4 = -5*y - 4*j. Suppose -2*u + 102 - 2 = y. What is the remainder when u is divided by 13?
11
Let y = -8 - -11. Suppose -y*i + 145 = 3*h - 2*h, 55 = i + 2*h. Calculate the remainder when i is divided by 10.
7
Suppose r - 13 - 19 = -2*f, 5*r = 2*f + 220. Let s = -6 + 6. Suppose 0 = -5*q - 3*h + 67, 2 = -s*q + 2*q - 5*h. Calculate the remainder when r is divided by q.
9
Let p = -7 - -8. Suppose 5 - 4 = -3*a - 4*n, -5*a + 5*n + 10 = 0. Let s(k) = k + 1. Calculate the remainder when s(a) is divided by p.
0
Suppose 0 = 5*h + 286 - 1581. What is the remainder when h is divided by 26?
25
Let l(x) = -5*x + 5 - 5 + 1. Let y = -270 + 291. Calculate the remainder when y is divided by l(-1).
3
What is the remainder when (-9)/21 - 1462/(-14) is divided by 21?
20
Let q = -18 + 18. Suppose q = -i - 2*i + 48. What is the remainder when 32 + (2 - 2*2) is divided by i?
14
What is the remainder when 1/(-1) + 1068/12 is divided by 31?
26
Let u(w) = -w + 6 - 6*w + 2*w. What is the remainder when u(-5) is divided by 11?
9
Suppose -18*h - 80 = -20*h. Suppose -3*z - 17 = -3*s + h, -s + 23 = -3*z. Calculate the remainder when s is divided by 9.
8
Suppose -3*z - 11 + 65 = -4*a, -2*z + 36 = -5*a. Let o = -8 + 11. Suppose -10 = -o*t + 20. What is the remainder when z is divided by t?
8
Let d(z) = -z**3 + 4*z**2 + 5*z + 5. Suppose -3*c - 28 = -7*c + 2*x, 5*x + 20 = 0. What is the remainder when d(c) is divided by 3?
2
What is the remainder when 134 is divided by 344/10 - 0 - (-30)/(-75)?
32
Let w(z) = z**2 + 7*z - 23. Calculate the remainder when w(-11) is divided by 6.
3
What is the remainder when 126 is divided by 29 + -1 + -4 + 8?
30
Suppose -3*c = 2*c - 620. Suppose -2*n + 4*n - c = 0. Suppose -4*i + 5*a + 114 + n = 0, -2*i = 3*a - 88. What is the remainder when i is divided by 15?
14
Suppose -3*t = 3*l - 4 - 50, 2*t = 8. Suppose 4*p + 3*g - 46 = 0, 2*p = 4*p - g - 18. Let h = p + -2. What is the remainder when l is divided by h?
6
Let t = 209 + -16. What is the remainder when t is divided by 39?
37
Suppose 0 = -2*n - 5*n + 35. Calculate the remainder when 7 is divided by n.
2
Let m(y) = -y**3 + 5*y**2 - 3. What is the remainder when 75 is divided by m(4)?
10
Suppose -4*h + 55 + 29 = 0. Suppose 2*v + g - 8 = 0, -v - v - 3*g = 0. Calculate the remainder when h is divided by v.
3
Let v(p) = p**3 + 13*p**2 + 19*p + 5. What is the remainder when 225 is divided by v(-11)?
35
Suppose 0*x - 8 = -x. Calculate the remainder when 23 is divided by x.
7
Suppose -11*b + 17 = 3*g - 7*b, -3*b = -3*g + 24. What is the remainder when 25 is divided by g?
4
Let f(a) = -1 - 2 - 5*a - 5. What is the remainder when f(-10) is divided by 15?
12
Let v = 3 - -16. Calculate the remainder when v is divided by 6.
1
Let f(o) = -o**2 + 5*o + 8. Let i be f(7). What is the remainder when 2*3/(i/(-40)) is divided by 21?
19
Suppose 7*w = 15 + 69. Calculate the remainder when 71 is divided by w.
11
Let m(b) = -b + 2. Let j be m(-7). Suppose -13*q = -j*q - 24. What is the remainder when 21 is divided by q?
3
Let v = 60 - 39. Suppose -v - 29 = -5*l. What is the remainder when 28 is divided by l?
8
Let h = -8 - -10. Suppose -s - 10 = -h*s. Calculate the remainder when 28 is divided by s.
8
Let j(u) = 2*u + 9. Calculate the remainder when j(12) is divided by 9.
6
Let s(h) = -10*h**3 + h**2 - 3*h - 3. C